t c be (-4 - -5)/(2/(-2)). Let n be (c + 0)*(b + 13). Let i(d) = d**3 + 6*d**2 + 8*d + 3. What is i(n)?
-12
Let u(h) = -11*h + 112*h**2 - 111*h**2 + 19*h - 37. What is u(-12)?
11
Let j(a) be the second derivative of -1/20*a**5 + 0 - 1/3*a**4 - 14*a - 2*a**2 - 1/2*a**3. Give j(-3).
-4
Let i be -1 - (-4 + 2) - -3. Let h(k) = 0*k**3 + i*k + k**3 - 3*k - 6*k**2. Let y = 140 - 134. Give h(y).
6
Let q(p) = -2*p - 4. Let s = 230 - 233. What is q(s)?
2
Suppose -2*p + z = -4, 4*p + 0 - 8 = -3*z. Let x(s) = 24*s**p - 10*s**2 + s - 2*s - 13*s**2. Determine x(-3).
12
Let a(u) = -u + 19. Let w(x) = 3*x - 57. Let o(i) = 11*a(i) + 4*w(i). Let f be o(14). Let r(t) = t**3 + 6*t**2 + 4*t + 1. Calculate r(f).
6
Suppose -1 + 3 = -2*m, 4*g + 4*m = 12. Let h(p) = -20*p - 5 + 19*p + p**3 + g*p**3 - 4*p**3. Calculate h(0).
-5
Let h(m) = 6*m**3 - 3*m**2 - m. Let u(r) = 9*r + 143. Let z be u(-16). Calculate h(z).
-8
Let l(z) = 55*z**3 + 3*z**2 + 11*z. Let h(r) = -19*r**3 - r**2 - 4*r. Let i(u) = 17*h(u) + 6*l(u). What is i(2)?
56
Let t(g) be the second derivative of 14*g + 5/2*g**2 + 1/6*g**3 + 0. What is t(0)?
5
Let n(x) = x**3 + 10*x**2 + 7*x - 20. Let w(t) = 5*t**2 - 11*t - 7. Let c be w(2). Give n(c).
-2
Let s(p) = p - 1. Let g(t) = 0 + 1 + 3 + 3*t - 5*t. Let w(y) = -2*g(y) - 6*s(y). Let j be 6/4 + (-36)/8. Give w(j).
4
Let h = -9 - -15. Suppose 4*y + 2 = 6. Let x(g) = y - h*g + g + 16*g. Calculate x(-1).
-10
Suppose -11*a + 15 + 7 = 0. Let r(s) = -8*s - s**a + 6*s + 1 + 4*s + 3. Calculate r(4).
-4
Let z(m) be the second derivative of -8*m - 4*m**2 - 1/6*m**3 + 0. Calculate z(-4).
-4
Let f(z) = z**3 + 6*z**2 + 7*z - 2. Let p be f(-4). Suppose 6*g = -p*g - 24. Let t(o) = o**2 - o - 3. Determine t(g).
9
Let y(v) = 5*v - 1. Let o(j) = -3*j + 72. Let p be o(23). Let x be 4 + (0/(-4) - p). Calculate y(x).
4
Let f(r) = 7*r**2 + 3*r - 12. Let m = 5 - 6. Let a(s) = -s**2 - s + 1. Let z(j) = m*f(j) - 6*a(j). Determine z(5).
-4
Let u(k) = 29*k**3 - 2 + 6 + 2 - 28*k**3 + 9*k - 8*k**2 + 17*k**2. Give u(-8).
-2
Let g(i) = -i**3 + 4*i**2 + 6*i - 9. Let h = -533 - -538. Give g(h).
-4
Let b(k) = 2*k + 13. Let t be b(7). Suppose -a = -2*a + t. Suppose -12 = -u - 2*x, 0*u + 3*u + 3*x - a = 0. Let y(p) = p**2 - 6*p - 4. Calculate y(u).
-4
Let q(a) be the third derivative of -a**5/60 + 13*a**4/24 - 4*a**3/3 - 2*a**2 - 14*a. Give q(13).
-8
Let a(i) = -i**3 + 3*i**2 + 3*i + 4. Let w be (8/14)/(3*4/84). What is a(w)?
0
Let f(r) = -r**3 + 3*r**2 + 4*r - 4. Suppose 2*i + 5*m = 53, -4*m - 11 - 22 = -i. Suppose 2*v - s - 3 = 8, 3*v = 4*s + i. Give f(v).
8
Let m(g) be the second derivative of -g**4/24 + g**3/2 - 3*g**2/2 - 17*g. Let k(x) be the first derivative of m(x). Calculate k(6).
-3
Suppose 12 = -3*n + 6*n. Suppose 3*t + 4*w + 2 = 0, 3*w + 18 = 5*t - w. Let i(v) = t*v - 7*v + 9*v**2 - 12*v**2 + v**3 + 1 + 1. Give i(n).
-2
Let k(s) = -s**3 + 11*s**2 + 13*s + 4. Let i be k(12). Suppose c - i = -3*c. Let p(v) = 0*v - c + 2*v - v**3 + 1 + 1. What is p(2)?
-6
Let m(v) = v**2 - 7*v + 10. Let a(q) = -3*q**2 - 2*q - 11. Let w(s) = -7*s**2 - 3*s - 23. Let r(u) = -9*a(u) + 4*w(u). Let c be r(6). Calculate m(c).
10
Let b(n) be the second derivative of 5*n**3/6 - 3*n**2/2 - 99*n. Give b(2).
7
Let n(r) = r**2 + 2*r - 36. Let y(f) = 2*f**2 + 4*f - 71. Let q(l) = -13*n(l) + 6*y(l). Calculate q(0).
42
Let f(s) = 3 + s + 11*s + 21*s - 32*s + 2*s**2. Let m(x) = -x**2 + 4*x. Let q be m(3). What is f(q)?
24
Let g(k) be the third derivative of -1/8*k**4 - 5/6*k**3 + 2*k**2 + 0 + 0*k + 1/60*k**5. Suppose -24 = -4*q - 0*q + 2*w, -16 = 4*w. What is g(q)?
-1
Suppose -3350*b + 3355*b = 10. Let v(r) = -6*r**3 + 2*r**2 + 2*r - 3. Determine v(b).
-39
Let x(d) = 5*d**2 + 2*d - 8. Let r(m) = 7*m**2 + m - 9. Let j(s) = 2*r(s) - 3*x(s). Calculate j(-4).
6
Let a(k) = -k**3 - k**2 - k - 2. Let j be a(-2). Let v(z) = -5 + 5*z + 0*z**2 - z**2 + 2*z. Give v(j).
7
Let a = 2265 + -2268. Let u(r) = r**2 + 6*r - 1. Determine u(a).
-10
Suppose -100 = -15*c + 10*c. Suppose -y + 3*y + 17 = -5*d, c = -4*d. Let f(q) = -2*q**2 + 5*q + 1. Give f(y).
-11
Suppose 53 = 7*g + 18. Let t(i) = 5 - 6*i - 4 - 3 + g*i. What is t(4)?
-6
Let h(d) be the third derivative of d**4/24 + d**3 - 18*d**2. Suppose -n + 0*w - 4 = -2*w, 5*w - 25 = 5*n. Determine h(n).
0
Let u(w) = -9*w**3 - 2*w + 1. Suppose 2*s - 3*s + 4*x - 10 = 0, 4*x = 3*s + 54. Let h = 34 + s. Suppose -h*k = -15*k + 3. Calculate u(k).
-10
Let k(r) = -r**2 - 14*r - 53. Let x be k(-9). Let y(g) = -3*g + 2. Give y(x).
26
Let v(a) = a**2 - 5*a - 1. Let i(r) be the first derivative of -1/3*r**3 + 4 - 11*r - 5*r**2. Let j be i(-8). Determine v(j).
-1
Let s(b) = 4*b**2 - 99*b - 26. Let j be s(25). Let x(v) = -21*v - 1. Give x(j).
20
Let x(k) = 16*k**3 - 7*k**2 + 6*k**3 + 13*k**3 - 36*k**3 - 9 - 19*k + 25*k. What is x(-8)?
7
Let k(y) = -y**3 - 4*y**2 - 4*y - 1. Let s be k(-3). Suppose 90 = -91*n + 106*n. Let g(f) = n - 4*f - f + 6*f - s*f. Give g(4).
2
Suppose 52 = -5*t + 187. Let y = t + -20. Let k(i) = i**2 - 3 - 12 + 7*i - 2*i**2 + y. Determine k(7).
-8
Let q(k) = -k - 7. Suppose -m = -0*m - 24. Suppose 6*o - 4*o = -m. Let n = -7 - o. What is q(n)?
-12
Let l(x) = -x + 5. Let h(z) = 4*z - 8. Let i(v) = -h(v) - 2*l(v). Calculate i(2).
-6
Let v(w) be the second derivative of -w**3/3 - 7*w**2/2 + 209*w. What is v(-3)?
-1
Let i(q) be the third derivative of q**4/24 - 5*q**3/6 - 48*q**2 + q. What is i(10)?
5
Let k(v) = v**3 - 4*v**2 - 8*v + 7. Suppose 5*u - 2*j = 30, 0 = 2*j + 2*j. Let w be 106/12 - 4 - (-1)/u. Give k(w).
-8
Suppose 0 = 7*x - 565 - 100. Suppose x = 5*m - 60. Let v(k) = -2 - m*k + 0 + 30*k. Give v(-6).
4
Let n(i) be the first derivative of -1/4*i**4 - 3*i - 6 - 3/2*i**2 + 4/3*i**3. Calculate n(3).
-3
Let a(q) = -q - 29. Let b(y) = y + 31. Let f(v) = 6*a(v) + 5*b(v). What is f(-10)?
-9
Let l be 79 + (-3 - (-4 - -5)). Let z = 76 - l. Let a(g) = 6*g. Give a(z).
6
Let p(j) = -j**2 - j. Let u(f) = -4*f**2 + f + 5. Let y(k) = -3*p(k) + u(k). Calculate y(8).
-27
Let p(g) = -5*g + 4 - 8 + 0*g + 2*g - g**2. Let i(y) = -y + 26. Let j be i(17). Let u(a) = a**2 - 9*a - 4. Let b be u(j). Calculate p(b).
-8
Let a(y) = -11*y**3 + 2*y**2 - y - 13. Let b(j) = 6*j**3 - j**2 + j + 7. Suppose 5*c - c - 2*f = 14, -2*c + 10 = 2*f. Let o(d) = c*a(d) + 7*b(d). Give o(2).
-9
Let x(q) = q**2. Let t(s) = -s + 9. Let l be t(5). Suppose -1 = 3*v + w + 3*w, -8 = -l*w. What is x(v)?
9
Let c(o) = -7*o**3 + 9*o**2 - 6*o - 5. Let x(s) = -4*s**3 + 6*s**2 - 3*s - 3. Let k(v) = -3*c(v) + 5*x(v). Determine k(-3).
-9
Let h(p) be the first derivative of -p**3/3 - p**2/2 + 22*p + 373. Determine h(5).
-8
Let p(q) be the first derivative of q**3/3 - 9*q**2/2 + 9*q - 94. Calculate p(7).
-5
Let k be (6/2 + -6)/((-54)/144). Let g(s) = s**3 - 6*s**2 - 11*s. Give g(k).
40
Suppose 0 = -t + 3*t - 4. Let x(j) be the first derivative of j**3/3 - j**2/2 - 2*j + 25. Calculate x(t).
0
Let k be ((-27)/45)/((-9)/30). Let g(x) = 3*x**3 - 5*x**2 - 5*x + 8. Let m(a) = -13*a**3 + 19*a**2 + 19*a - 33. Let s(j) = k*m(j) + 9*g(j). What is s(8)?
14
Let s = -58 + 118. Let w = s + -53. Let x(f) = -f + 2. Give x(w).
-5
Let i(h) = -h + 10. Let k be (4/6)/((-39)/468). What is i(k)?
18
Let k(c) = -1 + 10*c**2 - 4 + c - 4*c**2 - 10*c**2 + 4. Let i be (-2 + 0)/(2*-1). Determine k(i).
-4
Let o = 237 - 230. Let i(p) = -p**2 + 4. Determine i(o).
-45
Suppose 2*b + 1 = -3*g, -g + 3*g + 14 = 2*b. Suppose 653*a - 657*a + 4 = 0. Let v(s) = -5*s + 2*s - s**2 + b*s - a - 3*s. Give v(-1).
0
Let u = -20 + 30. Let j be u/8 - 2/8. Let x(o) = o**2 - o - 1. Give x(j).
-1
Let i(g) = -g - 2. Let k be i(-6). Suppose -25 = -5*t + 2*o, 0 = t + k*o + 31 - 14. Let n(a) = -a**2 + 2. Give n(t).
-7
Let w(n) = -4*n**2 + n - 7. Let g(l) = -l**2 - 1. Let o(x) = -6*g(x) + w(x). Let i be (-1)/(4/(-6))*4/6. What is o(i)?
2
Let o(g) = -69*g**3 - 1 + 0*g**2 - 2*g - 3*g - 5*g**2 + 68*g**3. Give o(-4).
3
Let k(p) = -2 - 7*p**2 + 3*p - p**3 + 11 + 4*p - 5*p. Let f be ((-34)/(-17))/(2/(-7)). Calculate k(f).
-5
Suppose -2*p - 7 + 1 = 0. Let n(a) = -3*a**2 + 3*a + 5. Let w(y) = -2*y**2 + 4*y + 4. Let z(r) = p*n(r) + 4*w(r). Suppose 17 - 43 = -12*v - 98. What is z(v)?
-5
Let k(f) = -3*f**2 - 2*f - 1. Let j(s) = -s**3 + 5*s**2 - s - 6. Let y be (60/(-24))/((-2)/4). Let i be j(y). Let q = 